x) = 2*x + 3. Let w be t(-6). Let l(h) = h**3 + 10*h**2 + 15. What are the prime factors of l(w)?
2, 3
Let c(n) = -n**2 + 12*n - 4. Suppose 0 = -9*r + 7*r + 10. List the prime factors of c(r).
31
Suppose -5*o + 2*r + 12 = -8, 2*r - 12 = -3*o. Suppose -o*d + 167 = -37. List the prime factors of d.
3, 17
Suppose 4*d + 4*b + 1 = 9, -2*b + 18 = -5*d. Let k be d - ((-4)/(-2) + -4). Suppose 3*g - 94 = w, -3*g + k*w + 90 = 3*w. What are the prime factors of g?
31
Let v(i) = -6*i**2 - 24*i - 21. Let z(p) = 2*p**2 + 8*p + 7. Let d(h) = -6*v(h) - 17*z(h). List the prime factors of d(7).
7, 23
Let a(j) = 4*j**2 + 77*j + 2. What are the prime factors of a(10)?
2, 293
Let v = -36 + 25. Let s = -10 - v. What are the prime factors of ((-18 - -1)*s)/(-1)?
17
Let i(d) = 3*d**2 + 2*d + 3. Let r be i(5). Let f = r + 148. List the prime factors of f.
2, 59
Suppose -u + 10 = -c, -3*u = 3*c + 2*u + 14. Let l = c + 11. Suppose 18 = r - l*f, 2*r - 7 - 4 = f. What are the prime factors of r?
3
Let b(w) = 28*w + 1. Let m be b(4). Suppose 148 = 3*h - m. What are the prime factors of h?
3, 29
Suppose 13*p - 66*p = -92962. List the prime factors of p.
2, 877
Let s = 13 + -11. Suppose -o + 14 = -s*q, 0*q + 2 = -2*o - 2*q. Suppose -o*c = -c - 120. List the prime factors of c.
2, 5
Let k = -32 - -32. Suppose -7*b + 121 - 23 = k. List the prime factors of b.
2, 7
Suppose -7*y + 484 + 489 = 0. Suppose -y = -6*x + 89. What are the prime factors of x?
2, 19
Let a(l) = 70*l**2 + 3*l + 4. List the prime factors of a(-3).
5
Let i be (-688)/(-3) + 8/3 + -3. Let q = 344 - i. List the prime factors of q.
5, 23
Let q(u) = 7*u**2 + 46*u - 5. Let c(x) = -4*x**2 - 23*x + 2. Let i(o) = -5*c(o) - 3*q(o). What are the prime factors of i(-19)?
3
Suppose -3*n = -7*n + 8. Suppose n*g + 3*y = 140, 302 = 4*g - 3*y - 2*y. What are the prime factors of g?
73
Let p(n) = -n**2 - 26*n + 1086. What are the prime factors of p(0)?
2, 3, 181
What are the prime factors of (-8 - -9)*(2929 - 2)?
2927
Let o = 479 + -317. Let p = o - 24. What are the prime factors of p?
2, 3, 23
Let h(x) = -x**3 + 10*x**2 - 11*x + 22. Let i be h(9). Suppose -5*y = i*z - 181, 0 = 5*y - 2*z - 80 - 107. List the prime factors of y.
37
Suppose -8*m = -15147 + 3411. List the prime factors of m.
3, 163
Suppose -70*k - 5 = -65*k. List the prime factors of -4 - 14/42*(-308 + k).
3, 11
Suppose -z + 48 - 16 = 0. Suppose 3*u + 64 + z = 0. Let n = u + 98. What are the prime factors of n?
2, 3, 11
Let z(m) = -3*m - 15. Let o be z(-8). Suppose 0 = 9*k - 90 - o. List the prime factors of k.
11
What are the prime factors of 0 + -2 + -38*1331/(-22)?
2297
Let h = 17 - 23. List the prime factors of (-84)/(-8) - 3/h.
11
Let l = -134 + 171. Suppose -567 = -5*f - 2*z - l, -f + 2*z + 106 = 0. List the prime factors of f.
2, 53
Let p = 95 + -91. Suppose -4*q = -3*d - 90, 5*q - p*d + 27 = 139. What are the prime factors of q?
2, 3
Suppose 37 - 93 = -4*j. List the prime factors of (j - -11) + -2*1.
23
Let l = -11 + 11. What are the prime factors of 3012/15 - l - 1/(-5)?
3, 67
Let x = -58 - -60. What are the prime factors of x + (-1 - -1) + (0 - -186)?
2, 47
Suppose -16 = j - 4*r, r + 20 = 2*j + 6*r. Suppose 0 = f - j - 2. Suppose -x - f*a = -14, -2*x + 2*a + 18 = -4. What are the prime factors of x?
2, 3
Let x(f) = -f + 9. Let n be x(-15). Let u = -44 + n. What are the prime factors of 738/10 - u/(-25)?
73
Suppose -2*y + q = 34, -4*q = -4*y - 0*q - 72. Let f = 0 - y. What are the prime factors of f?
2
Let t = 1346 + -630. What are the prime factors of t?
2, 179
Let a(u) = u + 7. Let q be a(-4). Let d(t) = 2*t**3 - 3*t**2 - 5*t + 4. Let s be d(q). Let o = s + 0. List the prime factors of o.
2
Let j = 270 - 137. List the prime factors of j.
7, 19
Suppose l + 5 = i - 4*l, -3*i + 37 = -4*l. Suppose 60 = n - i. List the prime factors of n.
3, 5
Let z be ((-18)/3)/((-2 - -2) + -2). Let t(k) = k**3 + 2*k**2 - 4*k - 1. List the prime factors of t(z).
2
Suppose 0*k + 4*k + 24 = 0. What are the prime factors of -10*(k/15 - 2/5)?
2
Let c(w) = -146*w - 44. Let k(u) = 29*u + 9. Let n(f) = 3*c(f) + 14*k(f). What are the prime factors of n(-2)?
2, 29
Suppose -3*k - 9 = -4*k. Let u = 11 - k. List the prime factors of 3/(u + (-122)/64).
2
Let p(a) = a**3 - 4*a**2 + 3*a + 2. Suppose -3*z = -0*z - 9. Let s be p(z). Suppose y + 7 = n - 7, 0 = s*n + 2*y - 36. List the prime factors of n.
2
Suppose 0 = -x + 3*c + 154, -64 = x + 4*c - 218. What are the prime factors of x?
2, 7, 11
Suppose -4*k + 5*n + 2 = 0, 2*n - 5 = k - 2*n. Let t be (-1)/1*(1 - -8). List the prime factors of (-114)/t + k/9.
13
Suppose -16 = -4*m, -2*j + m - 115 + 17 = 0. Let a = j - -102. What are the prime factors of a?
5, 11
Suppose 4*d + d + 3*t - 47 = 0, 3*t + 13 = d. Let o = 13 - d. What are the prime factors of 27 + ((-1)/(-1) - o)?
5
Let y = 2552 - 2012. List the prime factors of y.
2, 3, 5
Let k(w) = -w**3 - 11*w**2 - 12*w + 1. Let a be k(-10). Suppose -r - 4*r = d + 39, -2*d - 2*r = 38. Let h = d + a. List the prime factors of h.
7
Let p(s) = -3809*s**3 + s**2 + 7*s + 6. List the prime factors of p(-1).
13, 293
Suppose 3*d + 581 = 4*g, 4*g - 156 = d + 435. Let q = -106 + g. What are the prime factors of q?
43
Suppose 205 = g - 4*t - 172, t + 368 = g. Suppose -w + g = 5*v, 0 = v - w + 5*w - 92. List the prime factors of v.
2, 3
Let w(m) = 96*m + 4. Let a be (12/30)/(4/10). List the prime factors of w(a).
2, 5
What are the prime factors of (-2)/(-6 - 377/(-63))?
2, 3, 7
Let y = -1130 - -1922. List the prime factors of y.
2, 3, 11
Let w = 2664 + -304. What are the prime factors of w?
2, 5, 59
Suppose -2*g - 7*p + 3*p + 1226 = 0, 615 = g + p. What are the prime factors of g?
617
Suppose -379*j + 28600 = -369*j. List the prime factors of j.
2, 5, 11, 13
Let w be (0*1/4)/(-1). Let z = 2 - w. Suppose 1 = -d - 3*v - z*v, -3*v = d - 7. What are the prime factors of d?
19
What are the prime factors of 0 + (-7 - -5) - -368?
2, 3, 61
Suppose -3*w = -w. Suppose 0 = -5*a - w*a + 40. Suppose 3*x + 2 - a = 0. What are the prime factors of x?
2
Let t(v) = v + 13. Let u be t(17). Let d = u - -14. Suppose -7*c + 3*c + d = 0. What are the prime factors of c?
11
Let m be -3*6/(-117) + (-134)/26. Let i(a) = 2*a**2 - 13*a - 3. Let n(c) = 3*c**2 - 20*c - 5. Let q(s) = 8*i(s) - 5*n(s). What are the prime factors of q(m)?
2, 23
Suppose x + 5*p - 73 = 0, x + 3*p + 73 = 2*x. What are the prime factors of 1*2 - (-19 - x)?
2, 47
Let c(j) = 3*j**3 - 2*j + 1. Suppose -3*v + 8 = -v. Suppose k - 3 = v*k, 5*p = -k + 9. List the prime factors of c(p).
3, 7
Let l(u) = -u**2 - 13*u - 38. Let n be l(-5). Let h be ((-3)/2)/(6/(-328)). Suppose -n*i = 14 - h. List the prime factors of i.
2, 17
Let y be ((-1)/(-2))/((-1)/(-50)). Let m be 10/y + (-218)/(-5). Suppose -66 = -3*s - 3*d, -2*s = -4*s + 5*d + m. List the prime factors of s.
2, 11
Let z(d) = 2*d**3 + 23*d**2 - 16*d + 20. Let p(g) = 4*g**3 + 45*g**2 - 33*g + 41. Let k(m) = 6*p(m) - 13*z(m). List the prime factors of k(-15).
61
Let k(t) = t**2 + 7*t + 13. Let b be k(-2). Suppose b*r - 3*s - 87 = 0, -4*s + 116 = 4*r - 5*s. What are the prime factors of r?
29
Let j be 1 - (4 + -1 - 2). Suppose -8 = -i - 5*c, j*c + c = 2*i - 5. Suppose 0 = 2*h + i*h - 35. What are the prime factors of h?
7
Let u(a) = 5*a - 12. List the prime factors of u(45).
3, 71
Let z(p) = 4*p**2 - 2*p - 62. What are the prime factors of z(-9)?
2, 5, 7
Suppose -8037 = -15*p - 4*p. List the prime factors of p.
3, 47
Let j(y) = -1 + 2*y - 5*y - 2. Let v = 29 - 36. What are the prime factors of j(v)?
2, 3
Suppose -5*v = 4 + 46. Let d = v + 17. List the prime factors of d.
7
Suppose -322 = -6*l + 1022. What are the prime factors of l?
2, 7
What are the prime factors of (27392/(192/12))/(1*2)?
2, 107
Let o = -28 - -40. Let d be 8 - 0/(3/3). Let p = d + o. What are the prime factors of p?
2, 5
Let s = 46 + 0. Let x = s + -22. List the prime factors of x.
2, 3
Suppose -g - 17 = 5*y, -3*g - 2*g - 4*y = 1. Suppose -5*q + 135 = -5*l, 2*q + l - 60 = -g*l. List the prime factors of q.
2, 7
Let h(n) = -141*n**2 - n - 1. Let a(y) = -281*y**2 - 3*y - 3. Let v(x) = 2*a(x) - 5*h(x). List the prime factors of v(1).
3, 47
Let l be (10/(-10))/((-2)/8). Let d = l - -38. List the prime factors of d.
2, 3, 7
Suppose -2*v + 59*h - 63